{"id":170,"date":"2023-08-07T16:29:02","date_gmt":"2023-08-07T19:29:02","guid":{"rendered":"https:\/\/hhh.memo.museudapessoa.org\/vidas-indigenas-maranhao\/?page_id=170"},"modified":"2023-08-14T15:27:57","modified_gmt":"2023-08-14T18:27:57","slug":"conte-sua-historia","status":"publish","type":"page","link":"https:\/\/hhh.memo.museudapessoa.org\/vidas-indigenas-maranhao\/conte-sua-historia\/","title":{"rendered":"Conte Sua Hist\u00f3ria"},"content":{"rendered":"\n<div style=\"height:59px\" aria-hidden=\"true\" class=\"wp-block-spacer\"><\/div>\n\n\n\n        <section class=\"conteudo\">\n          <div class=\"container\">\n            <div class=\"row\">\n              <div class=\"col-md-12 conteudo content margin- text-md-\">\n                \n<p>Aqui voc\u00ea encontra hist\u00f3rias coletadas digitalmente durante o Ind\u00edgenas.BR &#8211; Festival de M\u00fasicas Ind\u00edgenas 2023 ou enviadas pela ferramenta de &#8220;Conte Sua Hist\u00f3ria&#8221; desta plataforma. <strong>Que tal enviar o seu depoimento e fazer parte dessa hist\u00f3ria?<\/strong><\/p>\n\n              <\/div>\n            <\/div>\n          <\/div>\n        <\/section>\n\n\n<section class=' margin-top-medium margin-bottom-medium padding-top-0 padding-bottom-0'>\n    <div class=\"container\">\n      <div class=\"row\">\n                      <div class=\"history-item col-6 col-md-3 mb-3  wow fadeInUp\" data-wow-delay=\"0.0s\">\n            <a href=\"https:\/\/hhh.memo.museudapessoa.org\/vidas-indigenas-maranhao\/historia-detalhe\/46303?autoplay=1\"  class=\"gallery-item w-100 home-gallery__item play\" >\n              <picture><source data-srcset='https:\/\/media.videoask.com\/transcoded\/dc72df24-da00-412a-8139-cbfa73b7be50\/thumbnails\/image.0000002.jpg' \/>\n\t\t<img  data-src='https:\/\/media.videoask.com\/transcoded\/dc72df24-da00-412a-8139-cbfa73b7be50\/thumbnails\/image.0000002.jpg' alt='' src='data:image\/gif;base64,R0lGODlhAQABAAAAACH5BAEKAAEALAAAAAABAAEAAAICTAEAOw==' class='lazyload' \/><noscript><img  src='https:\/\/media.videoask.com\/transcoded\/dc72df24-da00-412a-8139-cbfa73b7be50\/thumbnails\/image.0000002.jpg' alt='' \/><\/noscript><\/picture>            <\/a>\n            <a href=\"https:\/\/hhh.memo.museudapessoa.org\/vidas-indigenas-maranhao\/historia-detalhe\/46303?autoplay=1\" ><h3>Teste 21\/08<\/h3><\/a>\n        <\/div>\n              <div class=\"history-item col-6 col-md-3 mb-3  wow fadeInUp\" data-wow-delay=\"0.1s\">\n            <a href=\"https:\/\/hhh.memo.museudapessoa.org\/vidas-indigenas-maranhao\/historia-detalhe\/46183?autoplay=1\"  class=\"gallery-item w-100 home-gallery__item play\" >\n              <picture><source data-srcset='https:\/\/media.videoask.com\/transcoded\/ee0f591f-d785-4734-b912-4e4eda78d90b\/thumbnails\/image.0000002.jpg' \/>\n\t\t<img  data-src='https:\/\/media.videoask.com\/transcoded\/ee0f591f-d785-4734-b912-4e4eda78d90b\/thumbnails\/image.0000002.jpg' alt='' src='data:image\/gif;base64,R0lGODlhAQABAAAAACH5BAEKAAEALAAAAAABAAEAAAICTAEAOw==' class='lazyload' \/><noscript><img  src='https:\/\/media.videoask.com\/transcoded\/ee0f591f-d785-4734-b912-4e4eda78d90b\/thumbnails\/image.0000002.jpg' alt='' \/><\/noscript><\/picture>            <\/a>\n            <a href=\"https:\/\/hhh.memo.museudapessoa.org\/vidas-indigenas-maranhao\/historia-detalhe\/46183?autoplay=1\" ><h3>Teste Odilon<\/h3><\/a>\n        <\/div>\n        \n                <\/div>\n    <\/div>\n<\/section>\n\n","protected":false},"excerpt":{"rendered":"<p>Aqui voc\u00ea encontra hist\u00f3rias coletadas digitalmente durante o Ind\u00edgenas.BR &#8211; Festival de M\u00fasicas Ind\u00edgenas 2023 ou enviadas pela ferramenta de &#8220;Conte Sua Hist\u00f3ria&#8221; desta plataforma. Que tal enviar o seu depoimento e fazer parte dessa hist\u00f3ria?<\/p>\n","protected":false},"author":4,"featured_media":0,"parent":0,"menu_order":0,"comment_status":"closed","ping_status":"closed","template":"","meta":{"_acf_changed":false,"footnotes":""},"class_list":["post-170","page","type-page","status-publish","hentry"],"acf":[],"yoast_head":"<!-- This site is optimized with the Yoast SEO plugin v23.3 - https:\/\/yoast.com\/wordpress\/plugins\/seo\/ -->\n<title>Conte Sua Hist\u00f3ria - VIDAS IND\u00cdGENAS MARANH\u00c3O<\/title>\n<meta name=\"robots\" content=\"index, follow, max-snippet:-1, max-image-preview:large, max-video-preview:-1\" \/>\n<link rel=\"canonical\" href=\"https:\/\/hhh.memo.museudapessoa.org\/vidas-indigenas-maranhao\/conte-sua-historia\/\" \/>\n<meta property=\"og:locale\" content=\"pt_BR\" \/>\n<meta property=\"og:type\" content=\"article\" \/>\n<meta property=\"og:title\" content=\"Conte Sua Hist\u00f3ria - VIDAS IND\u00cdGENAS MARANH\u00c3O\" \/>\n<meta property=\"og:description\" content=\"Aqui voc\u00ea encontra hist\u00f3rias coletadas digitalmente durante o Ind\u00edgenas.BR &#8211; Festival de M\u00fasicas Ind\u00edgenas 2023 ou enviadas pela ferramenta de &#8220;Conte Sua Hist\u00f3ria&#8221; desta plataforma. Que tal enviar o seu depoimento e fazer parte dessa hist\u00f3ria?\" \/>\n<meta property=\"og:url\" content=\"https:\/\/hhh.memo.museudapessoa.org\/vidas-indigenas-maranhao\/conte-sua-historia\/\" \/>\n<meta property=\"og:site_name\" content=\"VIDAS IND\u00cdGENAS MARANH\u00c3O\" \/>\n<meta property=\"article:modified_time\" content=\"2023-08-14T18:27:57+00:00\" \/>\n<meta name=\"twitter:card\" content=\"summary_large_image\" \/>\n<script type=\"application\/ld+json\" class=\"yoast-schema-graph\">{\"@context\":\"https:\/\/schema.org\",\"@graph\":[{\"@type\":\"WebPage\",\"@id\":\"https:\/\/hhh.memo.museudapessoa.org\/vidas-indigenas-maranhao\/conte-sua-historia\/\",\"url\":\"https:\/\/hhh.memo.museudapessoa.org\/vidas-indigenas-maranhao\/conte-sua-historia\/\",\"name\":\"Conte Sua Hist\u00f3ria - VIDAS IND\u00cdGENAS MARANH\u00c3O\",\"isPartOf\":{\"@id\":\"https:\/\/hhh.memo.museudapessoa.org\/vidas-indigenas-maranhao\/#website\"},\"datePublished\":\"2023-08-07T19:29:02+00:00\",\"dateModified\":\"2023-08-14T18:27:57+00:00\",\"breadcrumb\":{\"@id\":\"https:\/\/hhh.memo.museudapessoa.org\/vidas-indigenas-maranhao\/conte-sua-historia\/#breadcrumb\"},\"inLanguage\":\"pt-BR\",\"potentialAction\":[{\"@type\":\"ReadAction\",\"target\":[\"https:\/\/hhh.memo.museudapessoa.org\/vidas-indigenas-maranhao\/conte-sua-historia\/\"]}]},{\"@type\":\"BreadcrumbList\",\"@id\":\"https:\/\/hhh.memo.museudapessoa.org\/vidas-indigenas-maranhao\/conte-sua-historia\/#breadcrumb\",\"itemListElement\":[{\"@type\":\"ListItem\",\"position\":1,\"name\":\"Home\",\"item\":\"https:\/\/hhh.memo.museudapessoa.org\/vidas-indigenas-maranhao\/\"},{\"@type\":\"ListItem\",\"position\":2,\"name\":\"Conte Sua Hist\u00f3ria\"}]},{\"@type\":\"WebSite\",\"@id\":\"https:\/\/hhh.memo.museudapessoa.org\/vidas-indigenas-maranhao\/#website\",\"url\":\"https:\/\/hhh.memo.museudapessoa.org\/vidas-indigenas-maranhao\/\",\"name\":\"VIDAS IND\u00cdGENAS MARANH\u00c3O\",\"description\":\"\",\"potentialAction\":[{\"@type\":\"SearchAction\",\"target\":{\"@type\":\"EntryPoint\",\"urlTemplate\":\"https:\/\/hhh.memo.museudapessoa.org\/vidas-indigenas-maranhao\/?s={search_term_string}\"},\"query-input\":\"required name=search_term_string\"}],\"inLanguage\":\"pt-BR\"}]}<\/script>\n<!-- \/ Yoast SEO plugin. -->","yoast_head_json":{"title":"Conte Sua Hist\u00f3ria - VIDAS IND\u00cdGENAS MARANH\u00c3O","robots":{"index":"index","follow":"follow","max-snippet":"max-snippet:-1","max-image-preview":"max-image-preview:large","max-video-preview":"max-video-preview:-1"},"canonical":"https:\/\/hhh.memo.museudapessoa.org\/vidas-indigenas-maranhao\/conte-sua-historia\/","og_locale":"pt_BR","og_type":"article","og_title":"Conte Sua Hist\u00f3ria - VIDAS IND\u00cdGENAS MARANH\u00c3O","og_description":"Aqui voc\u00ea encontra hist\u00f3rias coletadas digitalmente durante o Ind\u00edgenas.BR &#8211; Festival de M\u00fasicas Ind\u00edgenas 2023 ou enviadas pela ferramenta de &#8220;Conte Sua Hist\u00f3ria&#8221; desta plataforma. Que tal enviar o seu depoimento e fazer parte dessa hist\u00f3ria?","og_url":"https:\/\/hhh.memo.museudapessoa.org\/vidas-indigenas-maranhao\/conte-sua-historia\/","og_site_name":"VIDAS IND\u00cdGENAS MARANH\u00c3O","article_modified_time":"2023-08-14T18:27:57+00:00","twitter_card":"summary_large_image","schema":{"@context":"https:\/\/schema.org","@graph":[{"@type":"WebPage","@id":"https:\/\/hhh.memo.museudapessoa.org\/vidas-indigenas-maranhao\/conte-sua-historia\/","url":"https:\/\/hhh.memo.museudapessoa.org\/vidas-indigenas-maranhao\/conte-sua-historia\/","name":"Conte Sua Hist\u00f3ria - VIDAS IND\u00cdGENAS MARANH\u00c3O","isPartOf":{"@id":"https:\/\/hhh.memo.museudapessoa.org\/vidas-indigenas-maranhao\/#website"},"datePublished":"2023-08-07T19:29:02+00:00","dateModified":"2023-08-14T18:27:57+00:00","breadcrumb":{"@id":"https:\/\/hhh.memo.museudapessoa.org\/vidas-indigenas-maranhao\/conte-sua-historia\/#breadcrumb"},"inLanguage":"pt-BR","potentialAction":[{"@type":"ReadAction","target":["https:\/\/hhh.memo.museudapessoa.org\/vidas-indigenas-maranhao\/conte-sua-historia\/"]}]},{"@type":"BreadcrumbList","@id":"https:\/\/hhh.memo.museudapessoa.org\/vidas-indigenas-maranhao\/conte-sua-historia\/#breadcrumb","itemListElement":[{"@type":"ListItem","position":1,"name":"Home","item":"https:\/\/hhh.memo.museudapessoa.org\/vidas-indigenas-maranhao\/"},{"@type":"ListItem","position":2,"name":"Conte Sua Hist\u00f3ria"}]},{"@type":"WebSite","@id":"https:\/\/hhh.memo.museudapessoa.org\/vidas-indigenas-maranhao\/#website","url":"https:\/\/hhh.memo.museudapessoa.org\/vidas-indigenas-maranhao\/","name":"VIDAS IND\u00cdGENAS MARANH\u00c3O","description":"","potentialAction":[{"@type":"SearchAction","target":{"@type":"EntryPoint","urlTemplate":"https:\/\/hhh.memo.museudapessoa.org\/vidas-indigenas-maranhao\/?s={search_term_string}"},"query-input":"required name=search_term_string"}],"inLanguage":"pt-BR"}]}},"_links":{"self":[{"href":"https:\/\/hhh.memo.museudapessoa.org\/vidas-indigenas-maranhao\/wp-json\/wp\/v2\/pages\/170"}],"collection":[{"href":"https:\/\/hhh.memo.museudapessoa.org\/vidas-indigenas-maranhao\/wp-json\/wp\/v2\/pages"}],"about":[{"href":"https:\/\/hhh.memo.museudapessoa.org\/vidas-indigenas-maranhao\/wp-json\/wp\/v2\/types\/page"}],"author":[{"embeddable":true,"href":"https:\/\/hhh.memo.museudapessoa.org\/vidas-indigenas-maranhao\/wp-json\/wp\/v2\/users\/4"}],"replies":[{"embeddable":true,"href":"https:\/\/hhh.memo.museudapessoa.org\/vidas-indigenas-maranhao\/wp-json\/wp\/v2\/comments?post=170"}],"version-history":[{"count":5,"href":"https:\/\/hhh.memo.museudapessoa.org\/vidas-indigenas-maranhao\/wp-json\/wp\/v2\/pages\/170\/revisions"}],"predecessor-version":[{"id":267,"href":"https:\/\/hhh.memo.museudapessoa.org\/vidas-indigenas-maranhao\/wp-json\/wp\/v2\/pages\/170\/revisions\/267"}],"wp:attachment":[{"href":"https:\/\/hhh.memo.museudapessoa.org\/vidas-indigenas-maranhao\/wp-json\/wp\/v2\/media?parent=170"}],"curies":[{"name":"wp","href":"https:\/\/api.w.org\/{rel}","templated":true}]}}