{"id":17,"date":"2023-06-14T12:56:52","date_gmt":"2023-06-14T15:56:52","guid":{"rendered":"https:\/\/hhh.memo.museudapessoa.org\/biomas-que-transformam\/home\/"},"modified":"2023-08-14T15:49:08","modified_gmt":"2023-08-14T18:49:08","slug":"home","status":"publish","type":"page","link":"https:\/\/hhh.memo.museudapessoa.org\/biomas-que-transformam\/","title":{"rendered":"home"},"content":{"rendered":"\n\n\n        <section class=\"conteudo\">\n          <div class=\"container\">\n            <div class=\"row\">\n              <div class=\"col-md-12 conteudo content margin- text-md-\">\n                \n<h2 id=\"a-exposicao\" class=\"wp-block-heading has-text-align-left\">A exposi\u00e7\u00e3o<\/h2>\n\n              <\/div>\n            <\/div>\n          <\/div>\n        <\/section>\n\n\n        <section class=\"conteudo\">\n          <div class=\"container\">\n            <div class=\"row\">\n              <div class=\"col-md-12 conteudo content margin- text-md-\">\n                \n<p class=\"has-text-align-left\">A exposi\u00e7\u00e3o virtual &#8220;<em>Biomas Que Transformam<\/em>&#8221; traz hist\u00f3rias de pessoas dos seis biomas do nosso pa\u00eds. Todas as nossas nove personagens reacenderam os costumes de suas comunidades de forma a fortalec\u00ea-las, mediante o respeito \u00e0 natureza, a uma economia solid\u00e1ria e agroecol\u00f3gica. <\/p>\n\n              <\/div>\n            <\/div>\n          <\/div>\n        <\/section>\n\n\n        <section class=\"conteudo\">\n          <div class=\"container\">\n            <div class=\"row\">\n              <div class=\"col-md-12 conteudo content margin- text-md-\">\n                \n<p class=\"has-text-align-left\">Aqui, voc\u00ea vai se aproximar de hist\u00f3rias exemplares de supera\u00e7\u00e3o, esperan\u00e7a coletiva, reinven\u00e7\u00e3o e, principalmente, transforma\u00e7\u00e3o de vida. Com mais este trabalho de registro da mem\u00f3ria, o Museu da Pessoa e o Mercado Livre refor\u00e7am seu compromisso com a valoriza\u00e7\u00e3o dos produtores independentes e autossustent\u00e1veis, que cuidam de nosso meio ambiente. <\/p>\n\n              <\/div>\n            <\/div>\n          <\/div>\n        <\/section>\n\n\n        <section class=\"conteudo\">\n          <div class=\"container\">\n            <div class=\"row\">\n              <div class=\"col-md-12 conteudo content margin- text-md-\">\n                \n<p class=\"has-text-align-left\">Navegue pelas hist\u00f3rias, conhe\u00e7a as personagens e seus biomas &#8211; boa experi\u00eancia!<\/p>\n\n              <\/div>\n            <\/div>\n          <\/div>\n        <\/section>\n\n\n\n\n<section id=\"biomas-e-seus-personagens\" class='histories-home margin-top-medium margin-bottom-medium padding-top-0 padding-bottom-0' >\n  <div class=\"container\">\n    <div class=\"row\">\n      <div class=\"col-md-12 mb-3\">\n        <h2 id=\"biomas-e-seus-personagens\">Biomas e seus personagens<\/h2>\n      <\/div>\n    <\/div>\n  <\/div>\n  <div class=\"container-fluid\">\n    <div class=\"row\">\n            <div class=\"history-item col-6 col-md mb-3\">\n          <a class='text-decoration-none' href=\"https:\/\/hhh.memo.museudapessoa.org\/biomas-que-transformam\/historias\/#amazonia\">\n            <picture><source data-srcset='https:\/\/hhh.memo.museudapessoa.org\/biomas-que-transformam\/wp-content\/uploads\/sites\/20\/2023\/08\/Drone-80.Rio-na-frente-do-Porto-de-Sao-Francisco-JPG-1024x576.jpg' \/>\n\t\t<img  data-src='https:\/\/hhh.memo.museudapessoa.org\/biomas-que-transformam\/wp-content\/uploads\/sites\/20\/2023\/08\/Drone-80.Rio-na-frente-do-Porto-de-Sao-Francisco-JPG-1024x576.jpg' alt='Amaz\u00f4nia' src='data:image\/gif;base64,R0lGODlhAQABAAAAACH5BAEKAAEALAAAAAABAAEAAAICTAEAOw==' class='lazyload' style='--smush-placeholder-width: 1024px; --smush-placeholder-aspect-ratio: 1024\/576;' \/><noscript><img  src='https:\/\/hhh.memo.museudapessoa.org\/biomas-que-transformam\/wp-content\/uploads\/sites\/20\/2023\/08\/Drone-80.Rio-na-frente-do-Porto-de-Sao-Francisco-JPG-1024x576.jpg' alt='Amaz\u00f4nia' \/><\/noscript><\/picture>            <h3 class=\"title-small\">Amaz\u00f4nia<\/h3>\n          <\/a>\n      <\/div>\n            <div class=\"history-item col-6 col-md mb-3\">\n          <a class='text-decoration-none' href=\"https:\/\/hhh.memo.museudapessoa.org\/biomas-que-transformam\/historias\/#caatinga\">\n            <picture><source data-srcset='https:\/\/hhh.memo.museudapessoa.org\/biomas-que-transformam\/wp-content\/uploads\/sites\/20\/2023\/08\/IMP.C.03_BB200.07an.jpg' \/>\n\t\t<img  data-src='https:\/\/hhh.memo.museudapessoa.org\/biomas-que-transformam\/wp-content\/uploads\/sites\/20\/2023\/08\/IMP.C.03_BB200.07an.jpg' alt='Caatinga' src='data:image\/gif;base64,R0lGODlhAQABAAAAACH5BAEKAAEALAAAAAABAAEAAAICTAEAOw==' class='lazyload' style='--smush-placeholder-width: 425px; --smush-placeholder-aspect-ratio: 425\/283;' \/><noscript><img  src='https:\/\/hhh.memo.museudapessoa.org\/biomas-que-transformam\/wp-content\/uploads\/sites\/20\/2023\/08\/IMP.C.03_BB200.07an.jpg' alt='Caatinga' \/><\/noscript><\/picture>            <h3 class=\"title-small\">Caatinga<\/h3>\n          <\/a>\n      <\/div>\n            <div class=\"history-item col-6 col-md mb-3\">\n          <a class='text-decoration-none' href=\"https:\/\/hhh.memo.museudapessoa.org\/biomas-que-transformam\/historias\/#cerrado\">\n            <picture><source data-srcset='https:\/\/hhh.memo.museudapessoa.org\/biomas-que-transformam\/wp-content\/uploads\/sites\/20\/2023\/08\/Cerrado-Biomas-1024x768.jpg' \/>\n\t\t<img  data-src='https:\/\/hhh.memo.museudapessoa.org\/biomas-que-transformam\/wp-content\/uploads\/sites\/20\/2023\/08\/Cerrado-Biomas-1024x768.jpg' alt='Cerrado' src='data:image\/gif;base64,R0lGODlhAQABAAAAACH5BAEKAAEALAAAAAABAAEAAAICTAEAOw==' class='lazyload' style='--smush-placeholder-width: 1024px; --smush-placeholder-aspect-ratio: 1024\/768;' \/><noscript><img  src='https:\/\/hhh.memo.museudapessoa.org\/biomas-que-transformam\/wp-content\/uploads\/sites\/20\/2023\/08\/Cerrado-Biomas-1024x768.jpg' alt='Cerrado' \/><\/noscript><\/picture>            <h3 class=\"title-small\">Cerrado<\/h3>\n          <\/a>\n      <\/div>\n            <div class=\"history-item col-6 col-md mb-3\">\n          <a class='text-decoration-none' href=\"https:\/\/hhh.memo.museudapessoa.org\/biomas-que-transformam\/historias\/#pampa\">\n            <picture><source data-srcset='https:\/\/hhh.memo.museudapessoa.org\/biomas-que-transformam\/wp-content\/uploads\/sites\/20\/2023\/08\/DSC03900-1024x576.jpg' \/>\n\t\t<img  data-src='https:\/\/hhh.memo.museudapessoa.org\/biomas-que-transformam\/wp-content\/uploads\/sites\/20\/2023\/08\/DSC03900-1024x576.jpg' alt='Pampa' src='data:image\/gif;base64,R0lGODlhAQABAAAAACH5BAEKAAEALAAAAAABAAEAAAICTAEAOw==' class='lazyload' style='--smush-placeholder-width: 1024px; --smush-placeholder-aspect-ratio: 1024\/576;' \/><noscript><img  src='https:\/\/hhh.memo.museudapessoa.org\/biomas-que-transformam\/wp-content\/uploads\/sites\/20\/2023\/08\/DSC03900-1024x576.jpg' alt='Pampa' \/><\/noscript><\/picture>            <h3 class=\"title-small\">Pampa<\/h3>\n          <\/a>\n      <\/div>\n            <div class=\"history-item col-6 col-md mb-3\">\n          <a class='text-decoration-none' href=\"https:\/\/hhh.memo.museudapessoa.org\/biomas-que-transformam\/historias\/#pantanal\">\n            <picture><source data-srcset='https:\/\/hhh.memo.museudapessoa.org\/biomas-que-transformam\/wp-content\/uploads\/sites\/20\/2023\/08\/IMP.C.03_BB200.04ag.jpg' \/>\n\t\t<img  data-src='https:\/\/hhh.memo.museudapessoa.org\/biomas-que-transformam\/wp-content\/uploads\/sites\/20\/2023\/08\/IMP.C.03_BB200.04ag.jpg' alt='Pantanal' src='data:image\/gif;base64,R0lGODlhAQABAAAAACH5BAEKAAEALAAAAAABAAEAAAICTAEAOw==' class='lazyload' style='--smush-placeholder-width: 425px; --smush-placeholder-aspect-ratio: 425\/283;' \/><noscript><img  src='https:\/\/hhh.memo.museudapessoa.org\/biomas-que-transformam\/wp-content\/uploads\/sites\/20\/2023\/08\/IMP.C.03_BB200.04ag.jpg' alt='Pantanal' \/><\/noscript><\/picture>            <h3 class=\"title-small\">Pantanal<\/h3>\n          <\/a>\n      <\/div>\n            <div class=\"history-item col-6 col-md mb-3\">\n          <a class='text-decoration-none' href=\"https:\/\/hhh.memo.museudapessoa.org\/biomas-que-transformam\/historias\/#mata-atlantica\">\n            <picture><source data-srcset='https:\/\/hhh.memo.museudapessoa.org\/biomas-que-transformam\/wp-content\/uploads\/sites\/20\/2023\/08\/PAA_HV2762_FT0005-1-1024x1007.jpg' \/>\n\t\t<img  data-src='https:\/\/hhh.memo.museudapessoa.org\/biomas-que-transformam\/wp-content\/uploads\/sites\/20\/2023\/08\/PAA_HV2762_FT0005-1-1024x1007.jpg' alt='Mata Atl\u00e2ntica' src='data:image\/gif;base64,R0lGODlhAQABAAAAACH5BAEKAAEALAAAAAABAAEAAAICTAEAOw==' class='lazyload' style='--smush-placeholder-width: 1024px; --smush-placeholder-aspect-ratio: 1024\/1007;' \/><noscript><img  src='https:\/\/hhh.memo.museudapessoa.org\/biomas-que-transformam\/wp-content\/uploads\/sites\/20\/2023\/08\/PAA_HV2762_FT0005-1-1024x1007.jpg' alt='Mata Atl\u00e2ntica' \/><\/noscript><\/picture>            <h3 class=\"title-small\">Mata Atl\u00e2ntica<\/h3>\n          <\/a>\n      <\/div>\n          <\/div>\n  <\/div>\n<\/section>\n\n\n\n\n\n<section id=\"\" class=' margin-top-medium margin-bottom-medium padding-top-0 padding-bottom-0'>\n  <div class=\"container\">\n        <div class=\"row\">\n      <div class=\"col-md-12 mb-4\">\n        <h2>Depoimentos<\/h2>\n      <\/div>\n    <\/div>\n      <div class=\"row\">\n      <div class=\"col-md-8 offset-md-2\">\n        <div class=\"home-depoiments owl-theme owl-carousel\">\n                              <div class=\"row\">\n                                      <div class=\"col-md-5 mb-4 mb-md-0\">\n                        <img decoding=\"async\" class=\"w-100 lazyload\" data-src=\"https:\/\/hhh.memo.museudapessoa.org\/biomas-que-transformam\/wp-content\/uploads\/sites\/20\/2023\/08\/Captura-de-Tela-244.png\" alt=\"Laura Motta\" src=\"data:image\/gif;base64,R0lGODlhAQABAAAAACH5BAEKAAEALAAAAAABAAEAAAICTAEAOw==\" style=\"--smush-placeholder-width: 666px; --smush-placeholder-aspect-ratio: 666\/666;\"><noscript><img decoding=\"async\" class=\"w-100\" src=\"https:\/\/hhh.memo.museudapessoa.org\/biomas-que-transformam\/wp-content\/uploads\/sites\/20\/2023\/08\/Captura-de-Tela-244.png\" alt=\"Laura Motta\"><\/noscript>\n                    <\/div>\n                                    <div class=\"col col align-self-center\">\n                    <div class=\"home-depoiments__depoiment\">\n                      <p>&#8220;A preserva\u00e7\u00e3o da nossa sociobiodiversidade passa pela valoriza\u00e7\u00e3o de saberes tradicionais e das pessoas que cultivam uma rela\u00e7\u00e3o equilibrada com a natureza, contribuindo diariamente para manter as riquezas e mem\u00f3rias dos biomas brasileiros.&#8221;<\/p>\n                      <p class=\"mb-0 bold\">Laura Motta<\/p>\n                                          <\/div>\n                  <\/div>\n              <\/div>\n                              <div class=\"row\">\n                                      <div class=\"col-md-5 mb-4 mb-md-0\">\n                        <img decoding=\"async\" class=\"w-100 lazyload\" data-src=\"https:\/\/hhh.memo.museudapessoa.org\/biomas-que-transformam\/wp-content\/uploads\/sites\/20\/2023\/06\/Captura-de-Tela-13.png\" alt=\"Mareilde Freire de Almeida\" src=\"data:image\/gif;base64,R0lGODlhAQABAAAAACH5BAEKAAEALAAAAAABAAEAAAICTAEAOw==\" style=\"--smush-placeholder-width: 280px; --smush-placeholder-aspect-ratio: 280\/280;\"><noscript><img decoding=\"async\" class=\"w-100\" src=\"https:\/\/hhh.memo.museudapessoa.org\/biomas-que-transformam\/wp-content\/uploads\/sites\/20\/2023\/06\/Captura-de-Tela-13.png\" alt=\"Mareilde Freire de Almeida\"><\/noscript>\n                    <\/div>\n                                    <div class=\"col col align-self-center\">\n                    <div class=\"home-depoiments__depoiment\">\n                      <p>&#8220;Em cada mat\u00e9ria prima podia-se encontrar novas propriedades, e assim eu, minha filha e minhas irm\u00e3s encaramos o desafio e come\u00e7amos a fabricar produtos cosm\u00e9ticos observando dois crit\u00e9rios: ter respeito com o meio-ambiente e ter mulheres na ponta.&#8221;<\/p>\n                      <p class=\"mb-0 bold\">Mareilde Freire de Almeida<\/p>\n                                          <\/div>\n                  <\/div>\n              <\/div>\n                              <div class=\"row\">\n                                      <div class=\"col-md-5 mb-4 mb-md-0\">\n                        <img decoding=\"async\" class=\"w-100 lazyload\" data-src=\"https:\/\/hhh.memo.museudapessoa.org\/biomas-que-transformam\/wp-content\/uploads\/sites\/20\/2023\/06\/Captura-de-Tela-6.png\" alt=\"Durvalina Ribeiro de Souza\" src=\"data:image\/gif;base64,R0lGODlhAQABAAAAACH5BAEKAAEALAAAAAABAAEAAAICTAEAOw==\" style=\"--smush-placeholder-width: 257px; --smush-placeholder-aspect-ratio: 257\/242;\"><noscript><img decoding=\"async\" class=\"w-100\" src=\"https:\/\/hhh.memo.museudapessoa.org\/biomas-que-transformam\/wp-content\/uploads\/sites\/20\/2023\/06\/Captura-de-Tela-6.png\" alt=\"Durvalina Ribeiro de Souza\"><\/noscript>\n                    <\/div>\n                                    <div class=\"col col align-self-center\">\n                    <div class=\"home-depoiments__depoiment\">\n                      <p>&#8220;Eu dizia: &#8216;Deus, eu vim para c\u00e1 foi para vencer e o Senhor vai me dar oportunidade&#8217;. Passei a noite fazendo brincos e, quando foi no dia seguinte, vendi todas as pe\u00e7as. Todas.\r\n\r\n&#8220;<\/p>\n                      <p class=\"mb-0 bold\">Durvalina Ribeiro de Souza<\/p>\n                                          <\/div>\n                  <\/div>\n              <\/div>\n                              <div class=\"row\">\n                                      <div class=\"col-md-5 mb-4 mb-md-0\">\n                        <img decoding=\"async\" class=\"w-100 lazyload\" data-src=\"https:\/\/hhh.memo.museudapessoa.org\/biomas-que-transformam\/wp-content\/uploads\/sites\/20\/2023\/06\/Captura-de-Tela-3.png\" alt=\"Jonatas Machado Ibernon\" src=\"data:image\/gif;base64,R0lGODlhAQABAAAAACH5BAEKAAEALAAAAAABAAEAAAICTAEAOw==\" style=\"--smush-placeholder-width: 291px; --smush-placeholder-aspect-ratio: 291\/254;\"><noscript><img decoding=\"async\" class=\"w-100\" src=\"https:\/\/hhh.memo.museudapessoa.org\/biomas-que-transformam\/wp-content\/uploads\/sites\/20\/2023\/06\/Captura-de-Tela-3.png\" alt=\"Jonatas Machado Ibernon\"><\/noscript>\n                    <\/div>\n                                    <div class=\"col col align-self-center\">\n                    <div class=\"home-depoiments__depoiment\">\n                      <p>&#8220;\u00c0s vezes a pessoa se pergunta: &#8216;Como eu posso ajudar a Amaz\u00f4nia?&#8217;. Voc\u00ea pode ajudar tomando um caf\u00e9, comendo uma geleia, comendo uma farinha de tapioca, tomando um suco.&#8221;<\/p>\n                      <p class=\"mb-0 bold\">Jonatas Machado Ibernon<\/p>\n                                          <\/div>\n                  <\/div>\n              <\/div>\n                      <\/div>\n        <!-- <div class=\"home-depoiments__nav owl-theme owl-carousel my-md-5 px-5\">\n                              <div class=\"px-md-3 home-depoiments__nav-item\">\n                  <h3 class=\"text-center title-small\">Jonatas Machado Ibernon<\/h3>\n                <\/div>\n                      <\/div> -->\n      <\/div>\n    <\/div>\n  <\/div>\n<\/section>\n\n\n\n\n\n<section id=\"logos\" class='footer-logos margin-top-medium margin-bottom-medium padding-top-0 padding-bottom-0'>\n  <div class=\"container\">\n    <div class=\"row justify-content-center\">\n            <div class=\"col-auto mb-5\" style=\"max-width:50%\">\n          <div class=\"row\">\n                        <div class=\"col-12 text-center\">             \n                  <p><b>Patroc\u00ednio<\/b><\/p>\n              <\/div>  \n               \n            <div class=\"col \">\n              <div class=\"row justify-content-center\">\n                                  <div class=\"col-auto align-self-center px-4 mb-4\">\n                                        <img decoding=\"async\" class=\"footer-logos__image lazyload\" data-src=\"https:\/\/hhh.memo.museudapessoa.org\/biomas-que-transformam\/wp-content\/uploads\/sites\/20\/2023\/08\/logo-memo-01-lei.png\" alt=\"Lei de Incentivo \u00e0 Cultura\" src=\"data:image\/gif;base64,R0lGODlhAQABAAAAACH5BAEKAAEALAAAAAABAAEAAAICTAEAOw==\" style=\"--smush-placeholder-width: 200px; --smush-placeholder-aspect-ratio: 200\/200;\"><noscript><img decoding=\"async\" class=\"footer-logos__image\" src=\"https:\/\/hhh.memo.museudapessoa.org\/biomas-que-transformam\/wp-content\/uploads\/sites\/20\/2023\/08\/logo-memo-01-lei.png\" alt=\"Lei de Incentivo \u00e0 Cultura\"><\/noscript>\n                                      <\/div>\n                                  <div class=\"col-auto align-self-center px-4 mb-4\">\n                                        <img decoding=\"async\" class=\"footer-logos__image lazyload\" data-src=\"https:\/\/hhh.memo.museudapessoa.org\/biomas-que-transformam\/wp-content\/uploads\/sites\/20\/2023\/08\/logo-memo-02-meli.png\" alt=\"Mercado Livre\" src=\"data:image\/gif;base64,R0lGODlhAQABAAAAACH5BAEKAAEALAAAAAABAAEAAAICTAEAOw==\" style=\"--smush-placeholder-width: 200px; --smush-placeholder-aspect-ratio: 200\/200;\"><noscript><img decoding=\"async\" class=\"footer-logos__image\" src=\"https:\/\/hhh.memo.museudapessoa.org\/biomas-que-transformam\/wp-content\/uploads\/sites\/20\/2023\/08\/logo-memo-02-meli.png\" alt=\"Mercado Livre\"><\/noscript>\n                                      <\/div>\n                              <\/div>\n            <\/div>\n          <\/div>\n        <\/div>\n              <div class=\"col-auto mb-5\" style=\"max-width:50%\">\n          <div class=\"row\">\n                        <div class=\"col-12 text-center\">             \n                  <p><b>Realiza\u00e7\u00e3o<\/b><\/p>\n              <\/div>  \n               \n            <div class=\"col \">\n              <div class=\"row justify-content-center\">\n                                  <div class=\"col-auto align-self-center px-4 mb-4\">\n                                        <img decoding=\"async\" class=\"footer-logos__image lazyload\" data-src=\"https:\/\/hhh.memo.museudapessoa.org\/biomas-que-transformam\/wp-content\/uploads\/sites\/20\/2023\/08\/logo-memo-03-museu.png\" alt=\"Museu da Pessoa\" src=\"data:image\/gif;base64,R0lGODlhAQABAAAAACH5BAEKAAEALAAAAAABAAEAAAICTAEAOw==\" style=\"--smush-placeholder-width: 200px; --smush-placeholder-aspect-ratio: 200\/200;\"><noscript><img decoding=\"async\" class=\"footer-logos__image\" src=\"https:\/\/hhh.memo.museudapessoa.org\/biomas-que-transformam\/wp-content\/uploads\/sites\/20\/2023\/08\/logo-memo-03-museu.png\" alt=\"Museu da Pessoa\"><\/noscript>\n                                      <\/div>\n                                  <div class=\"col-auto align-self-center px-4 mb-4\">\n                                        <img decoding=\"async\" class=\"footer-logos__image lazyload\" data-src=\"https:\/\/hhh.memo.museudapessoa.org\/biomas-que-transformam\/wp-content\/uploads\/sites\/20\/2023\/08\/logo-memo-04-gov.png\" alt=\"MINC\" src=\"data:image\/gif;base64,R0lGODlhAQABAAAAACH5BAEKAAEALAAAAAABAAEAAAICTAEAOw==\" style=\"--smush-placeholder-width: 200px; --smush-placeholder-aspect-ratio: 200\/200;\"><noscript><img decoding=\"async\" class=\"footer-logos__image\" src=\"https:\/\/hhh.memo.museudapessoa.org\/biomas-que-transformam\/wp-content\/uploads\/sites\/20\/2023\/08\/logo-memo-04-gov.png\" alt=\"MINC\"><\/noscript>\n                                      <\/div>\n                              <\/div>\n            <\/div>\n          <\/div>\n        <\/div>\n            <\/div>\n    <\/div>\n  <\/div>\n<\/section>\n\n","protected":false},"excerpt":{"rendered":"<p>A exposi\u00e7\u00e3o A exposi\u00e7\u00e3o virtual &#8220;Biomas Que Transformam&#8221; traz hist\u00f3rias de pessoas dos seis biomas do nosso pa\u00eds. Todas as nossas nove personagens reacenderam os costumes de suas comunidades de forma a fortalec\u00ea-las, mediante o respeito \u00e0 natureza, a uma&#8230;<\/p>\n","protected":false},"author":1,"featured_media":0,"parent":0,"menu_order":0,"comment_status":"closed","ping_status":"closed","template":"","meta":{"_acf_changed":false,"footnotes":""},"class_list":["post-17","page","type-page","status-publish","hentry"],"acf":[],"yoast_head":"<!-- This site is optimized with the Yoast SEO plugin v23.3 - https:\/\/yoast.com\/wordpress\/plugins\/seo\/ -->\n<title>home - Biomas que Transformam<\/title>\n<meta name=\"robots\" content=\"index, follow, max-snippet:-1, max-image-preview:large, max-video-preview:-1\" \/>\n<link rel=\"canonical\" href=\"https:\/\/hhh.memo.museudapessoa.org\/biomas-que-transformam\/\" \/>\n<meta property=\"og:locale\" content=\"pt_BR\" \/>\n<meta property=\"og:type\" content=\"article\" \/>\n<meta property=\"og:title\" content=\"home - Biomas que Transformam\" \/>\n<meta property=\"og:description\" content=\"A exposi\u00e7\u00e3o A exposi\u00e7\u00e3o virtual &#8220;Biomas Que Transformam&#8221; traz hist\u00f3rias de pessoas dos seis biomas do nosso pa\u00eds. Todas as nossas nove personagens reacenderam os costumes de suas comunidades de forma a fortalec\u00ea-las, mediante o respeito \u00e0 natureza, a uma...\" \/>\n<meta property=\"og:url\" content=\"https:\/\/hhh.memo.museudapessoa.org\/biomas-que-transformam\/\" \/>\n<meta property=\"og:site_name\" content=\"Biomas que Transformam\" \/>\n<meta property=\"article:modified_time\" content=\"2023-08-14T18:49:08+00:00\" \/>\n<meta name=\"twitter:card\" content=\"summary_large_image\" \/>\n<meta name=\"twitter:label1\" content=\"Est. tempo de leitura\" \/>\n\t<meta name=\"twitter:data1\" content=\"1 minuto\" \/>\n<script type=\"application\/ld+json\" class=\"yoast-schema-graph\">{\"@context\":\"https:\/\/schema.org\",\"@graph\":[{\"@type\":\"WebPage\",\"@id\":\"https:\/\/hhh.memo.museudapessoa.org\/biomas-que-transformam\/\",\"url\":\"https:\/\/hhh.memo.museudapessoa.org\/biomas-que-transformam\/\",\"name\":\"home - Biomas que Transformam\",\"isPartOf\":{\"@id\":\"https:\/\/hhh.memo.museudapessoa.org\/biomas-que-transformam\/#website\"},\"datePublished\":\"2023-06-14T15:56:52+00:00\",\"dateModified\":\"2023-08-14T18:49:08+00:00\",\"breadcrumb\":{\"@id\":\"https:\/\/hhh.memo.museudapessoa.org\/biomas-que-transformam\/#breadcrumb\"},\"inLanguage\":\"pt-BR\",\"potentialAction\":[{\"@type\":\"ReadAction\",\"target\":[\"https:\/\/hhh.memo.museudapessoa.org\/biomas-que-transformam\/\"]}]},{\"@type\":\"BreadcrumbList\",\"@id\":\"https:\/\/hhh.memo.museudapessoa.org\/biomas-que-transformam\/#breadcrumb\",\"itemListElement\":[{\"@type\":\"ListItem\",\"position\":1,\"name\":\"Home\",\"item\":\"https:\/\/hhh.memo.museudapessoa.org\/biomas-que-transformam\/\"},{\"@type\":\"ListItem\",\"position\":2,\"name\":\"home\"}]},{\"@type\":\"WebSite\",\"@id\":\"https:\/\/hhh.memo.museudapessoa.org\/biomas-que-transformam\/#website\",\"url\":\"https:\/\/hhh.memo.museudapessoa.org\/biomas-que-transformam\/\",\"name\":\"Biomas que Transformam\",\"description\":\"\",\"potentialAction\":[{\"@type\":\"SearchAction\",\"target\":{\"@type\":\"EntryPoint\",\"urlTemplate\":\"https:\/\/hhh.memo.museudapessoa.org\/biomas-que-transformam\/?s={search_term_string}\"},\"query-input\":\"required name=search_term_string\"}],\"inLanguage\":\"pt-BR\"}]}<\/script>\n<!-- \/ Yoast SEO plugin. -->","yoast_head_json":{"title":"home - Biomas que Transformam","robots":{"index":"index","follow":"follow","max-snippet":"max-snippet:-1","max-image-preview":"max-image-preview:large","max-video-preview":"max-video-preview:-1"},"canonical":"https:\/\/hhh.memo.museudapessoa.org\/biomas-que-transformam\/","og_locale":"pt_BR","og_type":"article","og_title":"home - Biomas que Transformam","og_description":"A exposi\u00e7\u00e3o A exposi\u00e7\u00e3o virtual &#8220;Biomas Que Transformam&#8221; traz hist\u00f3rias de pessoas dos seis biomas do nosso pa\u00eds. Todas as nossas nove personagens reacenderam os costumes de suas comunidades de forma a fortalec\u00ea-las, mediante o respeito \u00e0 natureza, a uma...","og_url":"https:\/\/hhh.memo.museudapessoa.org\/biomas-que-transformam\/","og_site_name":"Biomas que Transformam","article_modified_time":"2023-08-14T18:49:08+00:00","twitter_card":"summary_large_image","twitter_misc":{"Est. tempo de leitura":"1 minuto"},"schema":{"@context":"https:\/\/schema.org","@graph":[{"@type":"WebPage","@id":"https:\/\/hhh.memo.museudapessoa.org\/biomas-que-transformam\/","url":"https:\/\/hhh.memo.museudapessoa.org\/biomas-que-transformam\/","name":"home - Biomas que Transformam","isPartOf":{"@id":"https:\/\/hhh.memo.museudapessoa.org\/biomas-que-transformam\/#website"},"datePublished":"2023-06-14T15:56:52+00:00","dateModified":"2023-08-14T18:49:08+00:00","breadcrumb":{"@id":"https:\/\/hhh.memo.museudapessoa.org\/biomas-que-transformam\/#breadcrumb"},"inLanguage":"pt-BR","potentialAction":[{"@type":"ReadAction","target":["https:\/\/hhh.memo.museudapessoa.org\/biomas-que-transformam\/"]}]},{"@type":"BreadcrumbList","@id":"https:\/\/hhh.memo.museudapessoa.org\/biomas-que-transformam\/#breadcrumb","itemListElement":[{"@type":"ListItem","position":1,"name":"Home","item":"https:\/\/hhh.memo.museudapessoa.org\/biomas-que-transformam\/"},{"@type":"ListItem","position":2,"name":"home"}]},{"@type":"WebSite","@id":"https:\/\/hhh.memo.museudapessoa.org\/biomas-que-transformam\/#website","url":"https:\/\/hhh.memo.museudapessoa.org\/biomas-que-transformam\/","name":"Biomas que Transformam","description":"","potentialAction":[{"@type":"SearchAction","target":{"@type":"EntryPoint","urlTemplate":"https:\/\/hhh.memo.museudapessoa.org\/biomas-que-transformam\/?s={search_term_string}"},"query-input":"required name=search_term_string"}],"inLanguage":"pt-BR"}]}},"_links":{"self":[{"href":"https:\/\/hhh.memo.museudapessoa.org\/biomas-que-transformam\/wp-json\/wp\/v2\/pages\/17"}],"collection":[{"href":"https:\/\/hhh.memo.museudapessoa.org\/biomas-que-transformam\/wp-json\/wp\/v2\/pages"}],"about":[{"href":"https:\/\/hhh.memo.museudapessoa.org\/biomas-que-transformam\/wp-json\/wp\/v2\/types\/page"}],"author":[{"embeddable":true,"href":"https:\/\/hhh.memo.museudapessoa.org\/biomas-que-transformam\/wp-json\/wp\/v2\/users\/1"}],"replies":[{"embeddable":true,"href":"https:\/\/hhh.memo.museudapessoa.org\/biomas-que-transformam\/wp-json\/wp\/v2\/comments?post=17"}],"version-history":[{"count":35,"href":"https:\/\/hhh.memo.museudapessoa.org\/biomas-que-transformam\/wp-json\/wp\/v2\/pages\/17\/revisions"}],"predecessor-version":[{"id":164,"href":"https:\/\/hhh.memo.museudapessoa.org\/biomas-que-transformam\/wp-json\/wp\/v2\/pages\/17\/revisions\/164"}],"wp:attachment":[{"href":"https:\/\/hhh.memo.museudapessoa.org\/biomas-que-transformam\/wp-json\/wp\/v2\/media?parent=17"}],"curies":[{"name":"wp","href":"https:\/\/api.w.org\/{rel}","templated":true}]}}